{"id":2608,"date":"2024-12-05T21:11:59","date_gmt":"2024-12-05T21:11:59","guid":{"rendered":"https:\/\/fundacionsprbun.enginecloud.co\/2024\/?page_id=2608"},"modified":"2025-02-18T14:09:56","modified_gmt":"2025-02-18T14:09:56","slug":"centro-educativo-bahia","status":"publish","type":"page","link":"https:\/\/fundacionsprbun.org\/spb\/centro-educativo-bahia\/","title":{"rendered":"URAMBA MAKER LAB"},"content":{"rendered":"\t\t<div data-elementor-type=\"wp-page\" data-elementor-id=\"2608\" class=\"elementor elementor-2608\" data-elementor-post-type=\"page\">\n\t\t\t\t<div class=\"elementor-element elementor-element-bd68f2b e-flex e-con-boxed e-con e-parent\" data-id=\"bd68f2b\" data-element_type=\"container\" data-settings=\"{&quot;background_background&quot;:&quot;classic&quot;}\">\n\t\t\t\t\t<div class=\"e-con-inner\">\n\t\t<div class=\"elementor-element elementor-element-0642a1a e-con-full e-flex e-con e-child\" data-id=\"0642a1a\" data-element_type=\"container\" data-settings=\"{&quot;background_background&quot;:&quot;classic&quot;}\">\n\t\t\t\t<div class=\"elementor-element elementor-element-e9e982c elementor-widget elementor-widget-heading\" data-id=\"e9e982c\" data-element_type=\"widget\" data-widget_type=\"heading.default\">\n\t\t\t\t<div class=\"elementor-widget-container\">\n\t\t\t\t\t<h2 class=\"elementor-heading-title elementor-size-default\">Uramba Maker Lab<\/h2>\t\t\t\t<\/div>\n\t\t\t\t<\/div>\n\t\t\t\t<div class=\"elementor-element elementor-element-5340512 elementor-widget elementor-widget-heading\" data-id=\"5340512\" data-element_type=\"widget\" data-widget_type=\"heading.default\">\n\t\t\t\t<div class=\"elementor-widget-container\">\n\t\t\t\t\t<h3 class=\"elementor-heading-title elementor-size-default\">Espacio de aprendizaje creativo y seguro en Buenaventura<\/h3>\t\t\t\t<\/div>\n\t\t\t\t<\/div>\n\t\t\t\t<\/div>\n\t\t\t\t\t<\/div>\n\t\t\t\t<\/div>\n\t\t<div class=\"elementor-element elementor-element-ff1a6a1 e-flex e-con-boxed e-con e-parent\" data-id=\"ff1a6a1\" data-element_type=\"container\">\n\t\t\t\t\t<div class=\"e-con-inner\">\n\t\t\t\t<div class=\"elementor-element elementor-element-b311e77 elementor-widget elementor-widget-image\" data-id=\"b311e77\" data-element_type=\"widget\" data-widget_type=\"image.default\">\n\t\t\t\t<div class=\"elementor-widget-container\">\n\t\t\t\t\t\t\t\t\t\t\t\t\t\t\t<img fetchpriority=\"high\" decoding=\"async\" width=\"1366\" height=\"768\" src=\"https:\/\/fundacionsprbun.org\/spb\/wp-content\/uploads\/2025\/02\/3.png\" class=\"attachment-full size-full wp-image-2936\" alt=\"\" srcset=\"https:\/\/fundacionsprbun.org\/spb\/wp-content\/uploads\/2025\/02\/3.png 1366w, https:\/\/fundacionsprbun.org\/spb\/wp-content\/uploads\/2025\/02\/3-300x169.png 300w, https:\/\/fundacionsprbun.org\/spb\/wp-content\/uploads\/2025\/02\/3-1024x576.png 1024w, https:\/\/fundacionsprbun.org\/spb\/wp-content\/uploads\/2025\/02\/3-768x432.png 768w\" sizes=\"(max-width: 1366px) 100vw, 1366px\" \/>\t\t\t\t\t\t\t\t\t\t\t\t\t\t\t<\/div>\n\t\t\t\t<\/div>\n\t\t\t\t<div class=\"elementor-element elementor-element-a0935c4 elementor-widget elementor-widget-image\" data-id=\"a0935c4\" data-element_type=\"widget\" data-widget_type=\"image.default\">\n\t\t\t\t<div class=\"elementor-widget-container\">\n\t\t\t\t\t\t\t\t\t\t\t\t\t\t\t<img decoding=\"async\" width=\"1366\" height=\"768\" src=\"https:\/\/fundacionsprbun.org\/spb\/wp-content\/uploads\/2025\/02\/4.png\" class=\"attachment-full size-full wp-image-2935\" alt=\"\" srcset=\"https:\/\/fundacionsprbun.org\/spb\/wp-content\/uploads\/2025\/02\/4.png 1366w, https:\/\/fundacionsprbun.org\/spb\/wp-content\/uploads\/2025\/02\/4-300x169.png 300w, https:\/\/fundacionsprbun.org\/spb\/wp-content\/uploads\/2025\/02\/4-1024x576.png 1024w, https:\/\/fundacionsprbun.org\/spb\/wp-content\/uploads\/2025\/02\/4-768x432.png 768w\" sizes=\"(max-width: 1366px) 100vw, 1366px\" \/>\t\t\t\t\t\t\t\t\t\t\t\t\t\t\t<\/div>\n\t\t\t\t<\/div>\n\t\t\t\t\t<\/div>\n\t\t\t\t<\/div>\n\t\t<div class=\"elementor-element elementor-element-bfc8b30 e-flex e-con-boxed e-con e-parent\" data-id=\"bfc8b30\" data-element_type=\"container\" data-settings=\"{&quot;background_background&quot;:&quot;classic&quot;}\">\n\t\t\t\t\t<div class=\"e-con-inner\">\n\t\t\t\t<div class=\"elementor-element elementor-element-869f3ed elementor-widget elementor-widget-heading\" data-id=\"869f3ed\" data-element_type=\"widget\" data-widget_type=\"heading.default\">\n\t\t\t\t<div class=\"elementor-widget-container\">\n\t\t\t\t\t<h2 class=\"elementor-heading-title elementor-size-default\">Programa  Microsoft Teals<\/h2>\t\t\t\t<\/div>\n\t\t\t\t<\/div>\n\t\t\t\t\t<\/div>\n\t\t\t\t<\/div>\n\t\t<div class=\"elementor-element elementor-element-a6afdfb e-flex e-con-boxed e-con e-parent\" data-id=\"a6afdfb\" data-element_type=\"container\" data-settings=\"{&quot;background_background&quot;:&quot;classic&quot;}\">\n\t\t\t\t\t<div class=\"e-con-inner\">\n\t\t\t\t<div class=\"elementor-element elementor-element-0cb83c4 elementor-widget elementor-widget-text-editor\" data-id=\"0cb83c4\" data-element_type=\"widget\" data-widget_type=\"text-editor.default\">\n\t\t\t\t<div class=\"elementor-widget-container\">\n\t\t\t\t\t\t\t\t\t<p class=\"p1\"><span style=\"font-size: 24px;\">El <i>Programa TEALS de Microsoft<\/i> es una propuesta que busca impactar alrededor del mundo la ense\u00f1anza y aprendizaje de las nuevas tendencias tecnol\u00f3gicas de las ciencias de la computaci\u00f3n. Frente a esto, se pretende que, por medio de la formaci\u00f3n de profesores, se aprenda a ense\u00f1ar las nuevas vertientes de la industria tecnol\u00f3gica con nuevos contenidos curriculares y sus respectivos recursos. De manera simult\u00e1nea, se acompa\u00f1a el proceso formativo con mentor\u00edas a los estudiantes entre tanto que su docente adquiere las habilidades b\u00e1sicas para liderar este proceso y generar sostenibilidad.<\/span><\/p>\t\t\t\t\t\t\t\t<\/div>\n\t\t\t\t<\/div>\n\t\t\t\t\t<\/div>\n\t\t\t\t<\/div>\n\t\t<div class=\"elementor-element elementor-element-210c678 e-flex e-con-boxed e-con e-parent\" data-id=\"210c678\" data-element_type=\"container\">\n\t\t\t\t\t<div class=\"e-con-inner\">\n\t\t<div class=\"elementor-element elementor-element-c7273f2 e-con-full e-flex e-con e-child\" data-id=\"c7273f2\" data-element_type=\"container\" data-settings=\"{&quot;background_background&quot;:&quot;classic&quot;}\">\n\t\t\t\t<div class=\"elementor-element elementor-element-54df09b elementor-widget elementor-widget-heading\" data-id=\"54df09b\" data-element_type=\"widget\" data-widget_type=\"heading.default\">\n\t\t\t\t<div class=\"elementor-widget-container\">\n\t\t\t\t\t<h3 class=\"elementor-heading-title elementor-size-default\">\u00bfPor qu\u00e9 Microsoft Teals para los j\u00f3venes de Buenaventura?<\/h3>\t\t\t\t<\/div>\n\t\t\t\t<\/div>\n\t\t\t\t<div class=\"elementor-element elementor-element-6c2a56a elementor-widget elementor-widget-video\" data-id=\"6c2a56a\" data-element_type=\"widget\" data-settings=\"{&quot;youtube_url&quot;:&quot;https:\\\/\\\/www.youtube.com\\\/watch?v=xnVNGVlBEnc&amp;ab_channel=Bah%C3%ADadeBuenaventura&quot;,&quot;video_type&quot;:&quot;youtube&quot;,&quot;controls&quot;:&quot;yes&quot;}\" data-widget_type=\"video.default\">\n\t\t\t\t<div class=\"elementor-widget-container\">\n\t\t\t\t\t\t\t<div class=\"elementor-wrapper elementor-open-inline\">\n\t\t\t<div class=\"elementor-video\"><\/div>\t\t<\/div>\n\t\t\t\t\t\t<\/div>\n\t\t\t\t<\/div>\n\t\t\t\t<\/div>\n\t\t\t\t\t<\/div>\n\t\t\t\t<\/div>\n\t\t\t\t<\/div>\n\t\t","protected":false},"excerpt":{"rendered":"<p>Uramba Maker Lab Espacio de aprendizaje creativo y seguro en Buenaventura Programa Microsoft Teals El Programa TEALS de Microsoft es una propuesta que busca impactar alrededor del mundo la ense\u00f1anza y aprendizaje de las nuevas tendencias tecnol\u00f3gicas de las ciencias de la computaci\u00f3n. Frente a esto, se pretende que, por medio de la formaci\u00f3n de [&hellip;]<\/p>\n","protected":false},"author":2,"featured_media":0,"parent":0,"menu_order":0,"comment_status":"closed","ping_status":"open","template":"elementor_header_footer","meta":{"_acf_changed":false,"footnotes":""},"class_list":["post-2608","page","type-page","status-publish","hentry"],"acf":[],"_links":{"self":[{"href":"https:\/\/fundacionsprbun.org\/spb\/wp-json\/wp\/v2\/pages\/2608","targetHints":{"allow":["GET"]}}],"collection":[{"href":"https:\/\/fundacionsprbun.org\/spb\/wp-json\/wp\/v2\/pages"}],"about":[{"href":"https:\/\/fundacionsprbun.org\/spb\/wp-json\/wp\/v2\/types\/page"}],"author":[{"embeddable":true,"href":"https:\/\/fundacionsprbun.org\/spb\/wp-json\/wp\/v2\/users\/2"}],"replies":[{"embeddable":true,"href":"https:\/\/fundacionsprbun.org\/spb\/wp-json\/wp\/v2\/comments?post=2608"}],"version-history":[{"count":101,"href":"https:\/\/fundacionsprbun.org\/spb\/wp-json\/wp\/v2\/pages\/2608\/revisions"}],"predecessor-version":[{"id":3028,"href":"https:\/\/fundacionsprbun.org\/spb\/wp-json\/wp\/v2\/pages\/2608\/revisions\/3028"}],"wp:attachment":[{"href":"https:\/\/fundacionsprbun.org\/spb\/wp-json\/wp\/v2\/media?parent=2608"}],"curies":[{"name":"wp","href":"https:\/\/api.w.org\/{rel}","templated":true}]}}